.
10
Let b(w) = -6*w - 2. Let q be b(-1). Suppose -20*m + 25*m - 80 = 0. What is the greatest common divisor of q and m?
4
Let y be ((-120)/(-96))/((-2)/(-128)). Calculate the greatest common divisor of y and 5.
5
Let m(u) = -u**2 - 22*u + 8. Let s be m(-20). Calculate the highest common factor of s and 1104.
48
Suppose -3*a = -4*z, 5*z = -0*a - 3*a + 27. Let w be (5 - z - -32) + -4. What is the greatest common factor of w and 75?
15
Let j(b) = b**3 - b**2 - 3*b + 33. Let z be j(0). Let y = 4 + 1. Suppose y*o - 6*o = -22. Calculate the greatest common factor of o and z.
11
Let o(u) = -15 + 5*u + u**2 - 11*u + 12. Let q be o(8). Let t = -18 + 109. What is the highest common divisor of q and t?
13
Let c(w) = -11*w**2 + 3*w + 3. Let o be c(-1). Let f = -17 + 82. Let x = o + f. Calculate the highest common divisor of x and 6.
6
Let m(x) = -x**3 - 9*x**2 + 20*x + 43. Let i be m(-11). What is the greatest common factor of 13 and i?
13
Let k be 4/10*(34 + -24). Let g be (-20)/6*(-6)/5. Let z(y) = 5*y - 4. Let c be z(g). What is the highest common divisor of k and c?
4
Let j = -1 + 27. Suppose 3*z = 3*a + 10 - 28, 3*z + j = 5*a. What is the highest common divisor of a and 4?
4
Let h(k) = -k**2 - 24*k + 90. Let m be h(0). Calculate the greatest common factor of 486 and m.
18
Suppose -43 + 12 = -i - 5*u, -5*u = 5*i - 135. Calculate the greatest common factor of i and 169.
13
Let b = 191 + 62. Let i(y) = -y**2 - 11*y + 6. Let x be i(-11). Suppose x*h - 38 = 100. Calculate the highest common divisor of b and h.
23
Let t be 2/(-8) - (-1644)/(-48)*-1. Suppose -4*u = v - 545, 4*u = 2*v + 2*v + 540. Calculate the greatest common divisor of u and t.
34
Suppose 3*a = 0, 7*w - 48 = 3*w + 2*a. Let h = w - -14. Calculate the highest common factor of h and 182.
26
Suppose 5*x - 1740 = 4*t, 3*t + 1290 = 5*x - 455. What is the highest common divisor of 33 and x?
11
Let b(s) = 57*s**2 + 3*s - 9. Let r be b(3). Calculate the greatest common factor of r and 135.
27
Let t = -1 - -8. Let a(m) = m**3 + 9*m**2 - 10*m + 7. Let j be a(-10). Calculate the highest common divisor of t and j.
7
Let i = 165 + -163. Suppose -87 = -3*t + 4*u, 3*t = -0*t + u + 96. Suppose i*o - t = -o. What is the greatest common divisor of o and 44?
11
Suppose -5*x - w = -83, w + 2 = -0*w. Suppose 2*f - 5*f + 4*y + 22 = 0, -3*f = y - x. What is the greatest common factor of f and 18?
6
Suppose -5*x = -1 + 21, -5*x = 4*u - 204. What is the greatest common factor of u and 2044?
28
Let h be (-12)/(-96) - (-3 - (-2012)/(-32)). Let q(o) = 2*o**2 + 5*o + 2. Let d be q(-5). Let v = 49 - d. What is the highest common divisor of v and h?
22
Suppose 0 = 5*b - 4*b - 27. Suppose -59*j + 45*j + 126 = 0. What is the greatest common divisor of b and j?
9
Let p = -11 - -23. Let s be (-1)/p*-4*3. Suppose r = s + 39. What is the greatest common factor of 60 and r?
20
Suppose -1873 = -7*u - 242. Let n = u - 214. Let a be 0 - (-19)/((-2)/(-2)). Calculate the highest common factor of n and a.
19
Let h(o) = -o**2 - 9*o + 13. Let n be h(-11). Let s = n + 12. Suppose 2*b = s*b - 28. Calculate the highest common divisor of 14 and b.
14
Let q = -6 - -88. Calculate the highest common factor of 123 and q.
41
Let y = 156 + -106. Let s be ((-5)/3)/((-2)/12). Calculate the highest common factor of s and y.
10
Let f = 53 - -41. What is the greatest common divisor of 47 and f?
47
Let s = 263 + -87. Suppose -183*l + 2237 + 1701 = -4*l. What is the greatest common divisor of l and s?
22
Let y = -4 - -16. Let r be 11/2*(-11 - -35). What is the greatest common divisor of y and r?
12
Let q = -17 - -13. Let f = 9 + q. Suppose f*m + 16 = p - 2*p, 2*m + 16 = 2*p. Calculate the highest common divisor of 36 and p.
4
Let l = -84 - -164. Let c = l + -69. What is the highest common factor of c and 11?
11
Let n = 12 + -7. Let z be (0 + 15/(-9))/((-5)/45). Let h = z + n. What is the greatest common factor of 30 and h?
10
Suppose 2*b - 23 = 3*c + 2*c, 4*b = 3*c + 11. Let p be (-3 - 3/b)/2. Let r(u) = u**2 - u + 35. Let z be r(p). What is the highest common factor of 70 and z?
35
Suppose 5*r + 3 = 6*r. Let n be 101/r - 12/18. Suppose 0 = -5*f + 17 + n. Calculate the highest common divisor of 20 and f.
10
Suppose 10*g - 18 = 22. Calculate the greatest common factor of g and 108.
4
Suppose m - 5*y - 89 = 0, -2*m + 174 = -2*y + 4. Calculate the highest common factor of 9 and m.
3
Suppose 0 = 5*z, 3*o - 12 = -o - z. Suppose -o*i = -j - 19, 2*i - 25 = -3*i - 5*j. What is the greatest common divisor of 24 and i?
6
Suppose f - 4*f + 23 = 4*p, -5*f = -p. What is the greatest common factor of 135 and p?
5
Let x = 4 - 4. Let g be x + 0 - (-16)/2. Let d be 30/(-135)*6/(-4)*168. Calculate the greatest common divisor of g and d.
8
Let n(r) = -16*r - 4. Suppose -5*v - 16 = 3*v. Let a be n(v). What is the highest common factor of 196 and a?
28
Let i(t) = -t**3 + 5*t**2 + 19. Let x be i(5). What is the greatest common factor of x and 1349?
19
Suppose 2*h = -0*h + 4. Suppose h*k = -k + 9, -3*c + 24 = 5*k. Suppose 0 = c*n - 4*n + 24. What is the greatest common divisor of 3 and n?
3
Suppose -5 + 9 = 4*a. What is the highest common divisor of a and 11?
1
Suppose a + 133 = -0*a. Let n = -56 - a. Calculate the highest common divisor of n and 7.
7
Suppose 0 = -91*w + 73*w + 3744. Suppose -4*a + 30 = -22. Calculate the highest common factor of a and w.
13
Suppose 550 - 70 = 11*m + 4*m. Let w(h) = h**3 + h**2 + 4*h. Let l be w(3). Calculate the greatest common divisor of l and m.
16
Let a be 15 - -2 - 16 - 1*-1031. Calculate the greatest common factor of 129 and a.
129
Suppose 3*q = -2*s + 435, q + 576 = 3*s - 49. What is the greatest common divisor of s and 42?
42
Let r = -7 - -2. Let w(f) = -f**3 - 5*f**2 + f + 7. Let n be w(r). Let j = 9 - n. What is the highest common divisor of 14 and j?
7
Let z be 12/10*450/(-27). Let d = 25 + z. What is the highest common divisor of 5 and d?
5
Let r = 19 + 38. What is the greatest common divisor of 513 and r?
57
Let c(u) = 29*u + 28. Let o be c(16). Let s be o/7 - (-12)/(-42). Calculate the highest common factor of s and 10.
10
Suppose -43*n + 84 = -37*n. Let z(l) = 4*l - 7 + 3 + 6*l. Let m be z(6). What is the highest common factor of m and n?
14
Let w(b) = -110*b - 222. Let p be w(-3). Calculate the greatest common divisor of p and 20.
4
Let d(b) = -b**2 - 15*b - 10. Let j be d(-8). Let r be -15 + 15 - (3 + -17*11). What is the greatest common factor of r and j?
46
Suppose -10*y + 1760 = -190. Calculate the greatest common factor of y and 15.
15
Let u(i) = -7*i + 33. Let r be u(4). Suppose r*x = z - 295, 301 = z + x - 18. Calculate the greatest common factor of z and 35.
35
Suppose 2*u = 33 + 75. Let z be ((-36)/20)/(6/(-20)). Calculate the highest common divisor of u and z.
6
Let p = -10 + 17. Suppose -6 = -s - 3. Suppose 0 = -s*q - 2*q + 35. What is the highest common divisor of p and q?
7
Suppose 0*o = -5*h - o + 225, 0 = o + 5. Let t be (-3)/5 - ((-33873)/(-15))/(-7). What is the greatest common factor of h and t?
46
Suppose -14 = -5*k + 4*f, 8 = 5*k - 2*f - 4. Suppose -k*z = -4*z + 36. Let i be -60*(1 + z/(-10)). Calculate the highest common factor of i and 6.
6
Let y be -1*(-3 + 1) - -5. What is the greatest common factor of y and 658?
7
Suppose -5*z + 139 = 19. Let t(c) = c**3 - 3*c**2 + 2*c. Let n be t(5). Calculate the highest common divisor of z and n.
12
Let g be 10*(48/20)/4. Suppose -v + 328 = 5*o, 2*v = -o - 2*o + 194. Calculate the greatest common divisor of o and g.
6
Let g = -21 - 33. Let d = g + 130. Calculate the highest common factor of 19 and d.
19
Let m(i) = i**2 + 9*i - 6. Let b be m(-9). Let j = b - -7. Let x be 0/j - 21/(-1). Calculate the greatest common divisor of 231 and x.
21
Suppose 3*a - 431 = -2*m + 405, -4*m = -2*a + 536. What is the greatest common factor of 12 and a?
12
Let u = -204 - -219. Calculate the highest common factor of u and 18.
3
Let l be 36/24 + (-6)/(-4). Suppose l*g + 5*z - 32 = z, -g + 2*z = -14. Suppose 3*d + g = 4*d. Calculate the greatest common divisor of d and 4.
4
Suppose 2*d + 4*s + 0*s = 44, 0 = -2*d - 5*s + 45. Let w be d/(-4) + 3 - -16. What is the greatest common divisor of w and 154?
14
Suppose 4*f - f = -n + 33, 0 = 5*f - 3*n - 41. Calculate the highest common fa